 - 85, 0*g + 2*n + 30 = g. Suppose -3*f - f = -g. Calculate the highest common divisor of f and 28.
7
Suppose 2*r - 4*g = 6*r - 168, -r + 5*g + 60 = 0. Calculate the highest common factor of 5 and r.
5
Let y = -68 + 125. Calculate the greatest common factor of 38 and y.
19
Suppose -2*o + 0*o = -2. Suppose 0 = -2*w + o + 1. Let n be -10*((-4)/2)/4. Calculate the highest common divisor of w and n.
1
Suppose -4*j + 20 = 0, 4*h - 13 = 3*j + 4. Suppose -x = -2*x + h. What is the greatest common divisor of 8 and x?
8
Suppose o + 362 = 3*o - 2*m, -4*o = -m - 736. Calculate the greatest common factor of o and 74.
37
Let u(g) = -g**3 + 13*g**2 + 2*g. Let v be u(13). Let k(m) = m**3 - 9*m**2 + 11*m - 11. Let q be k(8). Calculate the highest common factor of q and v.
13
Let k be ((-2)/(-3))/(2/9). Suppose m + 32 = k*m. Let l be (0/(-2) - 24)/(-1). Calculate the highest common divisor of l and m.
8
Let a(s) = 8 + 4*s**2 + 2*s - 2*s + 4*s. Let i(z) = -z**3 + 9*z**2 + 11*z - 4. Let t be i(10). Let y be a(t). What is the highest common factor of y and 16?
16
Let j(k) = -48*k - 11. Let q be j(6). Let h = -173 - q. Suppose 3*b - 58 = t - 1, 6 = -2*t. Calculate the greatest common divisor of b and h.
18
Let k = 1 - 4. Let a be k/(-9) + 40/6. What is the greatest common divisor of 49 and a?
7
Suppose -4*d + 96 = 2*y, -3*d + 0*d - 68 = -y. What is the greatest common divisor of y and 14?
14
Let v = -27 + 38. Calculate the highest common divisor of 22 and v.
11
Let x(t) = 4*t - 3. Let b be x(2). Suppose -4*c + 17 + 2 = -b*z, 0 = -2*c + 2. Let w be 2*((-2 - -57) + z). Calculate the highest common divisor of w and 13.
13
Suppose -5*w = -11 + 1. Suppose w*q - 9 = 3. Suppose f + 49 = 2*f - i, 2*i + 206 = 4*f. Calculate the highest common divisor of q and f.
6
Let c(i) = i**2 - 8*i - 10. Let y be c(10). Let l(u) = -u**2 + 11*u - 8. Let v be l(8). Suppose t = v + y. What is the greatest common factor of 65 and t?
13
Let f(t) = -t**3 - 12*t**2 - 22*t - 16. Let r be f(-11). Suppose 3*z - 2*x = 43, z + x = 4*z - 44. Calculate the greatest common factor of r and z.
15
Let b be 6 + (-5 - (-4)/4). Suppose -m = m - 2, 4*k - 82 = -b*m. Calculate the highest common divisor of 2 and k.
2
Let n be ((-1048)/20)/((-2)/10). Let i = n + -127. Calculate the greatest common divisor of i and 15.
15
Suppose 4*n - 5*v = -7, -2*n - 3*n + 4 = -2*v. What is the greatest common divisor of n and 1?
1
Suppose 4*c = 2*h + 276 + 140, -3*c = 5*h - 325. What is the greatest common divisor of 35 and c?
35
Suppose 5*f + 81 = 21. Let w be (-4)/(f/27) + 0. Suppose 0*a = 3*a - w. Calculate the highest common factor of 21 and a.
3
Let o be 1*1/2*0. Suppose y - 9 - 9 = o. Calculate the greatest common factor of 6 and y.
6
Suppose -2*z + 0*z = 0. Suppose -x + z*x + 5*a + 26 = 0, 0 = -4*a + 8. What is the highest common factor of 12 and x?
12
Let m be (1 + (-1 - -2) - -2) + 3. Calculate the greatest common divisor of m and 49.
7
Suppose 0 = 11*t - 73 - 92. Calculate the greatest common factor of 45 and t.
15
Suppose 5*q - 20 = 2*s, 3*q = -q + s + 19. What is the highest common divisor of q and 6?
6
Suppose 3*c - 4*s - 328 = 0, -3*c - 7*s + 332 = -9*s. Calculate the greatest common factor of c and 84.
28
Suppose -4*s + 3*x = s - 72, -2*s + 5*x = -25. What is the highest common factor of 15 and s?
15
Let l(n) = -1. Let t(j) = j**2 + 6*j - 9. Let a(p) = -5*l(p) + t(p). Let h be a(-6). Let d be (18/h)/((-3)/8). What is the highest common factor of 24 and d?
12
Let f(t) = 23 + 180*t - 23. Let q be f(1). Calculate the highest common factor of 20 and q.
20
Let r be (-7 + 8)*(2 + 1). What is the highest common divisor of r and 39?
3
Suppose 10 + 6 = k. Suppose 2*l + 2*r - 20 = 0, -3*l - 4*r + 25 + 6 = 0. Let o = -5 + l. Calculate the highest common factor of k and o.
4
Suppose -20 = -h + 4*u, -2*u = -3*h + 3*u + 32. Let r = 0 + h. Suppose 0*q + r*n = q, 4*q = -5*n + 42. What is the highest common factor of 32 and q?
8
Suppose -5*k = -77 - 33. What is the highest common divisor of k and 220?
22
Let p(n) = 3*n**3 - 5*n**2 - 4*n. Let s be p(3). Calculate the greatest common factor of 60 and s.
12
Let f(z) = z**2 - 6*z - 4. Let i be f(7). Let j = -4 - -8. Suppose 5*m - m = j*u - 112, -u + i*m = -20. What is the greatest common divisor of 16 and u?
16
Let g be (-6)/(-8) - (-81)/(-12). Let r(k) = -2*k - 7. Let w be r(g). What is the greatest common factor of 40 and w?
5
Let v be (-1 - -18) + (-2 - 1). What is the highest common factor of 28 and v?
14
Let f = 95 + -61. Let i = -274 - -396. Suppose -2*r + i = -4*g, -g + 2*g - 46 = -r. Calculate the greatest common factor of f and r.
17
Let y = -22 + 24. Suppose -261 = -4*u - s, 4*u + y*s = -0*u + 258. What is the greatest common factor of u and 6?
6
Let d be (1/(-1))/(8/(-56)). What is the greatest common factor of d and 63?
7
Let o(f) = 2*f**2 + 4*f + 2. Let s = -2 - 2. Let r be o(s). Let g(z) = 3*z**2 + 2*z + 1. Let h be g(-2). Calculate the greatest common divisor of r and h.
9
Let s(i) = 5 - i**2 - i + 7 + 2*i - 2*i. Let j be s(0). Calculate the greatest common divisor of j and 48.
12
Suppose t = -t - 2*y + 6, -5*t + 43 = -2*y. What is the highest common factor of 77 and t?
7
Let v(f) = -6 - 3*f + 5*f**2 + 1 + 1 + 2*f. Let n be v(4). What is the greatest common factor of n and 9?
9
Let q be 1*(-1 - 5*-2). Let o = -16 + q. Let g be 12 - (-7)/(o/2). Calculate the highest common divisor of 4 and g.
2
Let z be 3/(-2 + 0 - -3). Suppose 9 = -5*s - 16. Let d be (1/(-3))/(s/30). What is the greatest common factor of z and d?
1
Suppose 5*q - 2 + 7 = 0, -2*q = 5*c - 18. Calculate the greatest common divisor of 44 and c.
4
Suppose y = -4*y. Suppose y*z + 8 = 4*z. Let d be (40/6)/((-3)/(-9)). What is the highest common divisor of z and d?
2
Suppose -252 = -3*c + z, z = 3*c - 7*c + 329. Suppose 2*k - 251 = -c. Let x = -27 + 39. What is the greatest common divisor of x and k?
12
Suppose -23*s = -21*s - 4. Calculate the greatest common divisor of 8 and s.
2
Let d be 2/((-3)/(-54) - 0). Calculate the greatest common factor of 63 and d.
9
Let o = 111 + -51. Calculate the greatest common factor of 12 and o.
12
Let s be (20 + 0 - -2)*4. Let j = s - 58. Calculate the greatest common factor of j and 20.
10
Let i = -1 + 1. Suppose i*c - c = 2. Let u be 9 - ((-1 - -2) + c). Calculate the greatest common factor of u and 20.
10
Let f = 13 - 7. Let l be (-3)/((-9)/f)*15. Calculate the greatest common divisor of 6 and l.
6
Let d = -4 - -3. Let r be (d - -20) + -2 + 1. Let u = r - 6. Calculate the highest common factor of 6 and u.
6
Suppose -4*l + 6*l - o = 6, 2*o = -4. Suppose 6 = -r + 9. Let w = r - l. Calculate the highest common factor of w and 7.
1
Let x = -115 - -187. What is the highest common divisor of 18 and x?
18
Let y be ((-2)/(-4))/((-2)/(-24)). Suppose 2 + 2 = l. Let k(v) = 15*v - 6. Let m be k(l). What is the greatest common divisor of y and m?
6
Let w(i) = -i**3 + 19*i**2 + 23*i. Let x be w(20). Calculate the highest common divisor of x and 45.
15
Suppose i + 12 = 3*h, i - 4*h = h - 22. What is the highest common factor of 6 and i?
3
Let b(o) = -12*o**3 - o**2 + 3*o. Suppose v - 3*v - 6 = 0. Let t be b(v). Calculate the greatest common factor of t and 34.
34
Suppose 0 = -3*d - 6, -5*d - 10 = 8*j - 6*j. Suppose 2*p = -5*s + 61, j = -s - p + 8 + 3. Calculate the greatest common divisor of s and 91.
13
Let y = 166 + -89. Let o be 1*2 - 0/(-1). Suppose 3*v = 3*j - 53 + 17, -2*v - o = 0. What is the greatest common divisor of j and y?
11
Suppose 0*k + 4*k - 28 = 0. Suppose -269 = -4*i + r - 18, 0 = -3*i + 2*r + 187. Calculate the highest common factor of k and i.
7
Let s = 49 + -33. Calculate the greatest common divisor of s and 48.
16
Let f = 4 - 8. Let g = 14 + f. What is the greatest common divisor of g and 50?
10
Suppose 6*y - y - 544 = 3*l, -3*l = 9. Suppose 0 = -4*m + 5 + y. Let a = 6 + -2. What is the highest common divisor of m and a?
4
Let y be (6 - 8) + 4/1. Let w be (-30)/4*(-4 + y). What is the highest common divisor of 10 and w?
5
Let t be 1/4*(-1 - -5). Suppose -2*s = -3*x - 17, -t = -x - 0. Let q be -1 + s + (-1 - 1). Calculate the highest common divisor of 1 and q.
1
Let b = -279 + 327. Let r(l) = -12*l. Let x be r(-1). Calculate the highest common factor of x and b